, 41, 71
Let z(s) = -2*s**2 - 5*s - 10. Let j be z(-2). Suppose 4*p + 203 + 373 = 0. Let l = j - p. List the prime factors of l.
2, 17
Let w = 148 - -434. Let v = w - -1066. List the prime factors of v.
2, 103
Let q(w) = -4*w + 47. Let i be q(8). Suppose i*m = -1600 + 7345. What are the prime factors of m?
383
Let a(o) = -3888*o + 726. What are the prime factors of a(-9)?
2, 3, 5953
Let z be (7 - 9)*2 - (-16 + 1). Let n(g) = 9*g**2 + 20*g - 64. What are the prime factors of n(z)?
3, 5, 83
Suppose -2*i - 3*a = -37, -2*i - 2 = -3*a - 9. List the prime factors of (-1)/(2/(-598)) + (i - 8).
2, 151
Let u = -488 - -333. Let p = -73 - u. List the prime factors of p.
2, 41
Let u(t) = 2*t + 2 + 0 - t + t**2 + 2. Let i be u(-5). Suppose 2*z = 3*c + z - 24, -3*c - z + i = 0. What are the prime factors of c?
2
Let u(h) = 186*h + 118. Let q be u(6). Let a = 2059 - q. What are the prime factors of a?
3, 5, 11
Suppose -i - 4*r = -111, 538 = 5*i + 4*r - r. Suppose -2*f - 3*f + 1229 = 4*q, f + 4*q = 233. Let d = f - i. List the prime factors of d.
2, 71
Let z(i) = -6*i. Let g be z(1). List the prime factors of (5 + (-196)/20)/(g/15).
2, 3
Suppose 848 = 2*f - 4*l, -14*l = -2*f - 17*l + 848. Suppose 2*c = -h + f, h = c - 3*h - 221. List the prime factors of c.
3, 71
Let i(f) = -f**3 + 33*f**2 + 36*f - 71. Let t be i(34). What are the prime factors of (1569/6)/((t - -2)/(-2))?
523
Let o be ((-2)/(-1))/2 - 1. Let f(l) = 670 - 7*l**3 + 4*l**3 + 2*l**3 - 609 - l**2. List the prime factors of f(o).
61
Suppose 2*s + 171 - 257 = 0. Suppose 36*l = s*l - 2303. What are the prime factors of l?
7, 47
Let y(n) = -15*n + 1 + 1 + 2*n - n + 235*n**2. List the prime factors of y(-2).
2, 5, 97
Let h = 278 - 304. Let z = h + 468. What are the prime factors of z?
2, 13, 17
List the prime factors of (18 - (-3212)/(-110))*-265.
2, 7, 53
Suppose j - 29 = -4*f, 34 + 16 = 5*j + f. Suppose 0 = j*s - 12*s + 906. List the prime factors of s.
2, 151
Let h(u) = -1914*u + 3243. What are the prime factors of h(-21)?
3, 14479
Let f(j) = 8*j**2 - 8*j + 10. Suppose 0*i = -i + 3*z + 12, 3*z = -3*i + 12. Suppose 32 = i*u + 2*u. What are the prime factors of f(u)?
2, 53
What are the prime factors of (-2068 - 9)/(6/16 + (-186)/432)?
2, 3, 31, 67
Suppose 2*o = 0, 5*u + 7*o - 10904 = u + 2*o. List the prime factors of u.
2, 29, 47
Suppose -5*b + 6127 = h, 2*h - 17700 = b - 5424. List the prime factors of h.
17, 19
Suppose 4*o - 42760 = -2*c, -30*c - 3*o + 64155 = -27*c. List the prime factors of c.
2, 3, 5, 23, 31
Let m(o) = 15*o + 44. Let a be 42 + (-5)/(-15)*-3. What are the prime factors of m(a)?
659
Let y = -180 - -147. Let v = y - -32. Let h(z) = -272*z**3 + 2*z**2 + z. What are the prime factors of h(v)?
3, 7, 13
Suppose 0 = -5*v - 7*v + 16*v - 194200. What are the prime factors of v?
2, 5, 971
List the prime factors of -3*64518/(-18) - (6 + -1).
2, 2687
Let o(m) = -5*m**3 - m**2 + 4*m - 5. Let d(v) = 5*v + 6. Let c be d(-2). Let i be o(c). Suppose -5*w + i = -47. What are the prime factors of w?
2, 3, 11
Let c(y) = 15*y**2 - 30*y - 139. List the prime factors of c(-22).
31, 251
Let z(t) = 21*t**2 + 31*t - 779. What are the prime factors of z(24)?
7, 1723
Let c(x) = -5 - 451*x + 18 + 448*x + 134*x**2. What are the prime factors of c(3)?
2, 5, 11
Suppose 2*o + 5*b = 33, -3*o + 17 = 4*b - 15. Suppose 0 = 4*x + 5*c - 9, -o*x + 5*c - 12 = -51. List the prime factors of (-8 + 11)*50/x.
5
Let x(d) = -d + 29. Let q = 95 + -92. List the prime factors of x(q).
2, 13
Let f(z) = 53*z**2 + 32*z - 445. What are the prime factors of f(16)?
3, 5, 101
Suppose 13*n - 3*n - 40 = 0. Suppose 3*b + n*f = 346 + 115, 4*f + 747 = 5*b. List the prime factors of b.
151
Suppose l = 3*l + 2. List the prime factors of l - -102 - (-4)/2.
103
Suppose 0 = -2*c + 144 + 40. Suppose -2*h + 60 + c = 0. Let p = 211 - h. What are the prime factors of p?
3, 5
Suppose -1667 - 1541 = 8*o. Let w = o + 919. What are the prime factors of w?
2, 7, 37
List the prime factors of -4 - (-4 - (-5 + (5 - -9783))).
3, 1087
What are the prime factors of 7/(-63) + (-793730)/(-261)?
3041
Let u(r) = 6*r**2 - 41*r - 11. Let q be u(7). What are the prime factors of 372/14*(-14)/q?
3, 31
Let u(a) = -1007*a - 2184. List the prime factors of u(-7).
5, 7, 139
Let g(d) = -28*d + 16. Let c(i) = -i**3 + 13*i**2 + 12*i - 17. Let p be c(14). Let a = p - -38. What are the prime factors of g(a)?
2, 53
Suppose 0 = 21*g - 19*g - 146. Let a = g - -102. Suppose -13*z + a = -8*z. List the prime factors of z.
5, 7
Suppose 2*z = u + 615, -u = z - 4*u - 295. Suppose -2*h = 78 - z. Let c = 201 - h. List the prime factors of c.
5, 17
Let b(p) = -6*p**2 - 8*p - 109. Let h(u) = 5*u**2 + 7*u + 108. Let q(a) = -6*b(a) - 5*h(a). List the prime factors of q(-9).
2, 3, 37
Let u(d) = -521*d - 57. Let m be u(-2). List the prime factors of 66/(-55)*(0 - m).
2, 3, 197
Suppose 121*q - 1094625 - 1102514 = 983830. List the prime factors of q.
3, 23, 127
Let h be 5*4*(-25)/(-50). Suppose -22*i = -17*i + h. What are the prime factors of (-3)/(-3*i/(-108))?
2, 3
What are the prime factors of (-8)/8*((-611304)/12 + 13)?
50929
Let d(x) = 4*x**2 - 28*x - 562. What are the prime factors of d(34)?
2, 5, 311
Let r = 906 - 241. Let q = -374 + r. What are the prime factors of q?
3, 97
Suppose -348*w + 5027279 - 305558 = -1558983. List the prime factors of w.
2, 3, 47
Suppose -4*m = 2*x - 33268, 17930 + 48564 = 4*x + 2*m. What are the prime factors of x?
2, 3, 5, 277
Suppose 0 = 4*m - 1517 - 95. Suppose s = 2*t + 395, -s = -6*t + 8*t - m. List the prime factors of s.
3, 7, 19
Let l = -14558 + 15694. List the prime factors of l.
2, 71
Let r be 4/(-42)*3 + (-120)/21. Let x be (28/6 + -5)*(-4 + 1). What are the prime factors of (x*-3)/((-783)/130 - r)?
2, 5, 13
Let c be ((-4)/6)/(16/(-408)). Let d(g) = -g**2 - c*g - 13*g - 3 + 21*g. List the prime factors of d(-6).
3, 5
Let s(d) = -45*d + 20. Let y be s(-6). Let w = y + 25. Suppose 2*j = 5*a + 339, -2*j - 6*a + w = -3*a. List the prime factors of j.
2, 3
Let v(c) = 248*c - 43. Let g(d) = -83*d + 15. Let l(u) = -17*g(u) - 6*v(u). List the prime factors of l(-4).
311
Suppose -165*d + 811095 = -3139615 + 644110. List the prime factors of d.
2, 3, 5, 167
Let k(b) = 3*b**2 + 17*b - 28. Let i be k(-7). What are the prime factors of (i - -387)/(2 + 5/(-4))?
2, 3, 43
Let j(t) = -34*t - 153. Let r = -49 - -36. List the prime factors of j(r).
17
List the prime factors of (-2324)/166 + 96*41.
2, 37, 53
Suppose -r = -1, 4*f - 1721 + 141 = 4*r. Suppose -146 + f = m. List the prime factors of m.
2, 5
Suppose 0 = -22*f - 20*f + 12*f + 1302240. What are the prime factors of f?
2, 2713
List the prime factors of ((-1870)/77)/((-2)/(74 - 4)).
2, 5, 17
Suppose -583350 = -37*h + 1363294. What are the prime factors of h?
2, 7, 1879
Let l(d) = 5*d + 0*d + 2*d + d**2 - 8. What are the prime factors of l(7)?
2, 3, 5
Suppose -n - 3*a = a - 4, 0 = -2*a + 2. List the prime factors of (-678)/(-9)*(n - -3).
2, 113
Let d(k) = -87*k**2 + 58 + 86*k**2 + 288 + 334 + 7*k. List the prime factors of d(0).
2, 5, 17
Let s(z) = -72*z + 0 + 6 + 8*z - 3. Suppose -5*n + 2*n - 12 = 0, -5*n = 4*o + 24. What are the prime factors of s(o)?
67
Let z(n) = 2*n**2 + 33*n - 67. Let j be z(23). Suppose 1463*m + j = 1465*m. List the prime factors of m.
5, 7
Suppose 0 = 6*p + 39 - 57. Let l = 46 - 43. Suppose l*g - 135 = -2*z + 127, 3*z - 408 = p*g. What are the prime factors of z?
2, 67
Let y(r) be the third derivative of -r**4/6 - 9*r**3/2 + 2*r**2. Suppose -4*o = -4*v - 0*o - 68, 0 = -5*v - o - 55. List the prime factors of y(v).
3, 7
Let f(i) = 3*i**3 - 12*i**2 + 10*i - 21. Let r(u) = -u**3 + u**2 + u. Let v(p) = f(p) + 5*r(p). What are the prime factors of v(-8)?
3, 5, 29
Let w be ((-26224)/352)/(-1 - (-2)/4). Suppose -w*t + 154*t = 6745. What are the prime factors of t?
19, 71
Let j(u) = u**2 - 10*u + 5. Let m be j(6). Let k = 1658 - 1656. List the prime factors of m/k*(6 + -8).
19
List the prime factors of -4 - (-4157 + -9 + 23).
4139
Let o(v) = -v**2 - 8*v + 9. Let g be o(0). Let c = 165 + -45. Suppose g*k - 240 = c. What are the prime factors of k?
2, 5
Suppose -17*x + 402246 - 2086742 = -193*x. What are the prime factors of x?
17, 563
What are the prime factors of (11 + -2)/((-3)/(-10))*(-26